{"id":1763,"date":"2024-06-21T09:43:17","date_gmt":"2024-06-21T09:43:17","guid":{"rendered":"https:\/\/los-sharkos.com\/?page_id=1763"},"modified":"2026-04-10T17:34:32","modified_gmt":"2026-04-10T17:34:32","slug":"probleme-in-game","status":"publish","type":"page","link":"https:\/\/los-sharkos.com\/?page_id=1763","title":{"rendered":"F.A.Q"},"content":{"rendered":"<div data-colibri-id=\"1763-c1\" class=\"style-639 style-local-1763-c1 position-relative\">\n  <!---->\n  <div data-colibri-component=\"section\" data-colibri-id=\"1763-c2\" id=\"f-a-q\" class=\"h-section h-section-global-spacing d-flex align-items-lg-center align-items-md-center align-items-center style-1462 style-local-1763-c2 position-relative\">\n    <!---->\n    <!---->\n    <div class=\"h-section-grid-container h-section-boxed-container\">\n      <div data-colibri-id=\"1763-c18\" class=\"h-row-container gutters-row-lg-2 gutters-row-md-2 gutters-row-2 gutters-row-v-lg-2 gutters-row-v-md-2 gutters-row-v-2 style-1472 style-local-1763-c18 position-relative\">\n        <!---->\n        <div class=\"h-row justify-content-lg-center justify-content-md-center justify-content-center align-items-lg-stretch align-items-md-stretch align-items-stretch gutters-col-lg-2 gutters-col-md-2 gutters-col-2 gutters-col-v-lg-2 gutters-col-v-md-2 gutters-col-v-2\">\n          <!---->\n          <div class=\"h-column h-column-container d-flex h-col-lg-auto h-col-md-auto h-col-auto style-1473-outer style-local-1763-c19-outer\">\n            <div data-colibri-id=\"1763-c19\" class=\"d-flex h-flex-basis h-column__inner h-px-lg-2 h-px-md-2 h-px-2 v-inner-lg-2 v-inner-md-2 v-inner-2 style-1473 style-local-1763-c19 position-relative\">\n              <!---->\n              <!---->\n              <div class=\"w-100 h-y-container h-column__content h-column__v-align flex-basis-100 align-self-lg-start align-self-md-start align-self-start\">\n                <!---->\n                <div data-colibri-id=\"1763-c20\" class=\"h-global-transition-all h-heading style-1474 style-local-1763-c20 position-relative h-element\">\n                  <!---->\n                  <div class=\"h-heading__outer style-1474 style-local-1763-c20\">\n                    <!---->\n                    <!---->\n                    <h2 class=\"\"><span style=\"font-weight: 400;\">Les Probl\u00e8mes les plus courants<\/span><\/h2>\n                  <\/div>\n                <\/div>\n              <\/div>\n            <\/div>\n          <\/div>\n        <\/div>\n      <\/div>\n      <div data-colibri-id=\"1763-c21\" class=\"h-row-container gutters-row-lg-2 gutters-row-md-2 gutters-row-0 gutters-row-v-lg-2 gutters-row-v-md-2 gutters-row-v-2 style-1554 style-local-1763-c21 position-relative\">\n        <!---->\n        <div class=\"h-row justify-content-lg-center justify-content-md-center justify-content-center align-items-lg-center align-items-md-center align-items-center gutters-col-lg-2 gutters-col-md-2 gutters-col-0 gutters-col-v-lg-2 gutters-col-v-md-2 gutters-col-v-2\">\n          <!---->\n          <div class=\"h-column h-column-container d-flex h-col-lg-auto h-col-md-auto h-col-auto align-self-lg-center align-self-md-center align-self-center style-1555-outer style-local-1763-c22-outer\">\n            <div data-colibri-id=\"1763-c22\" class=\"d-flex h-flex-basis h-column__inner h-px-lg-2 h-px-md-2 h-px-2 v-inner-lg-2 v-inner-md-2 v-inner-2 style-1555 style-local-1763-c22 position-relative\">\n              <!---->\n              <!---->\n              <div class=\"w-100 h-y-container h-column__content h-column__v-align flex-basis-100 align-self-lg-start align-self-md-start align-self-start\">\n                <!---->\n                <div data-colibri-id=\"1763-c23\" class=\"h-global-transition-all h-heading style-1557 style-local-1763-c23 position-relative h-element\">\n                  <!---->\n                  <div class=\"h-heading__outer style-1557 style-local-1763-c23\">\n                    <!---->\n                    <!---->\n                    <h5 class=\"\">Comme l&rsquo;a dit un grand philisophe&#8230;.Si tu es seul avec ton probl\u00e8me, c&rsquo;est que le probl\u00e8me c&rsquo;est toi!<\/h5>\n                  <\/div>\n                <\/div>\n                <div data-colibri-id=\"1763-c24\" class=\"h-global-transition-all h-heading style-1557 style-local-1763-c24 position-relative h-element\">\n                  <!---->\n                  <div class=\"h-heading__outer style-1557 style-local-1763-c24\">\n                    <!---->\n                    <!---->\n                    <h5 class=\"\"><span style=\"font-weight: 400;\">En cas de bug, et avant de faire un ticket, faites une d\u00e9co\/reco et r\u00e9essayez. Si le bug persiste, alors faites votre ticket que nous puissions y regarder. V\u00e9rifiez aussi que votre probl\u00e8me n&rsquo;est pas r\u00e9pertori\u00e9 ci dessous et si vous ne pourriez pas le r\u00e9gler par vous m\u00eame.<\/span>\n                      <br>ATTENTION, si vous avez un Pack Graphique, nous n&rsquo;apportons aucune aide. Donc d\u00e9sinstalllez votre pack et tous les mods, si le bug persiste alors nous vous aiderons.<\/h5>\n                  <\/div>\n                <\/div>\n              <\/div>\n            <\/div>\n          <\/div>\n        <\/div>\n      <\/div>\n      <div data-colibri-id=\"1763-c3\" class=\"h-row-container gutters-row-lg-2 gutters-row-md-2 gutters-row-3 gutters-row-v-lg-2 gutters-row-v-md-2 gutters-row-v-2 style-1463 style-local-1763-c3 position-relative\">\n        <!---->\n        <div class=\"h-row justify-content-lg-center justify-content-md-center justify-content-center align-items-lg-stretch align-items-md-stretch align-items-stretch gutters-col-lg-2 gutters-col-md-2 gutters-col-3 gutters-col-v-lg-2 gutters-col-v-md-2 gutters-col-v-2\">\n          <!---->\n          <div class=\"h-column h-column-container d-flex h-col-lg-auto h-col-md-auto h-col-auto style-1464-outer style-local-1763-c4-outer\">\n            <div data-colibri-id=\"1763-c4\" class=\"d-flex h-flex-basis h-column__inner h-px-lg-2 h-px-md-2 h-px-2 v-inner-lg-2 v-inner-md-2 v-inner-2 style-1464 style-local-1763-c4 position-relative\">\n              <!---->\n              <!---->\n              <div class=\"w-100 h-y-container h-column__content h-column__v-align flex-basis-100 align-self-lg-start align-self-md-start align-self-start\">\n                <!---->\n                <div data-toggle=\"true\" data-is-preview=\"true\" data-colibri-component=\"accordion\" data-colibri-id=\"1763-c5\" class=\"h-accordion style-1465 style-local-1763-c5 position-relative h-element\">\n                  <!---->\n                  <div data-colibri-id=\"1763-c6\" class=\"h-accordion-item h-accordion-item-first-child style-1812 style-local-1763-c6 position-relative h-element\">\n                    <!---->\n                    <a data-open-by-default=\"false\" href=\"#1763-c6\" class=\"h-accordion-item-title d-flex align-items-center h-global-transition\">\n                      <!----><span>J&rsquo;ai une erreur \u00e0 la connexion \u00ab\u00a0Couldn&rsquo;t get your steam identifier\u00a0\u00bb<\/span>\n                      <div class=\"h-accordion-item-title-normal-icon h-accordion-item-title-icon h-accordion-item-title-icon-right\"><span class=\"h-svg-icon\"><!--Icon by Icons8 Line Awesome (https:\/\/icons8.com\/line-awesome)--><svg version=\"1.1\" xmlns=\"http:\/\/www.w3.org\/2000\/svg\" xmlns:xlink=\"http:\/\/www.w3.org\/1999\/xlink\" id=\"plus\" viewBox=\"0 0 512 545.5\"><path d=\"M240 112h32v160h160v32H272v160h-32V304H80v-32h160V112z\"><\/path><\/svg><\/span><\/div>\n                      <div class=\"h-accordion-item-title-active-icon h-accordion-item-title-icon h-accordion-item-title-icon-right\"><span class=\"h-svg-icon\"><!--Icon by Icons8 Line Awesome (https:\/\/icons8.com\/line-awesome)--><svg version=\"1.1\" xmlns=\"http:\/\/www.w3.org\/2000\/svg\" xmlns:xlink=\"http:\/\/www.w3.org\/1999\/xlink\" id=\"minus\" viewBox=\"0 0 512 545.5\"><path d=\"M80 272h352v32H80v-32z\"><\/path><\/svg><\/span><\/div>\n                    <\/a>\n                    <div id=\"1763-c6\" class=\"h-accordion-item-content__container\">\n                      <div class=\"w-100 h-y-container h-accordion-item-content\">\n                        <!---->\n                        <div data-colibri-id=\"1763-c7\" class=\"h-text h-text-component style-1813 style-local-1763-c7 position-relative h-element\">\n                          <!---->\n                          <!---->\n                          <div class=\"\">\n                            <p>Votre acc\u00e8s serveur est d\u00e9pendant de Steam. Vous devez l&rsquo;ouvrir avant d&rsquo;ouvrir FiveM.&nbsp;<\/p>\n                            <p>Vous pouvez avoir le jeu sur Steam, Rockstar ou Epic, peu importe, Steam doit \u00eatre ouvert quand m\u00eame.<\/p>\n                            <p>\n                              <br>\n                            <\/p>\n                          <\/div>\n                        <\/div>\n                      <\/div>\n                    <\/div>\n                  <\/div>\n                  <div data-colibri-id=\"1763-c8\" class=\"h-accordion-item style-1466 style-local-1763-c8 position-relative h-element\">\n                    <!---->\n                    <a data-open-by-default=\"false\" href=\"#1763-c8\" class=\"h-accordion-item-title d-flex align-items-center h-global-transition\">\n                      <!----><span>Je n&rsquo;arrive pas \u00e0 bind une touche fiveM<\/span>\n                      <div class=\"h-accordion-item-title-normal-icon h-accordion-item-title-icon h-accordion-item-title-icon-right\"><span class=\"h-svg-icon\"><!--Icon by Icons8 Line Awesome (https:\/\/icons8.com\/line-awesome)--><svg version=\"1.1\" xmlns=\"http:\/\/www.w3.org\/2000\/svg\" xmlns:xlink=\"http:\/\/www.w3.org\/1999\/xlink\" id=\"plus\" viewBox=\"0 0 512 545.5\"><path d=\"M240 112h32v160h160v32H272v160h-32V304H80v-32h160V112z\"><\/path><\/svg><\/span><\/div>\n                      <div class=\"h-accordion-item-title-active-icon h-accordion-item-title-icon h-accordion-item-title-icon-right\"><span class=\"h-svg-icon\"><!--Icon by Icons8 Line Awesome (https:\/\/icons8.com\/line-awesome)--><svg version=\"1.1\" xmlns=\"http:\/\/www.w3.org\/2000\/svg\" xmlns:xlink=\"http:\/\/www.w3.org\/1999\/xlink\" id=\"minus\" viewBox=\"0 0 512 545.5\"><path d=\"M80 272h352v32H80v-32z\"><\/path><\/svg><\/span><\/div>\n                    <\/a>\n                    <div id=\"1763-c8\" class=\"h-accordion-item-content__container\">\n                      <div class=\"w-100 h-y-container h-accordion-item-content\">\n                        <!---->\n                        <div data-colibri-id=\"1763-c9\" class=\"h-text h-text-component style-1467 style-local-1763-c9 position-relative h-element\">\n                          <!---->\n                          <!---->\n                          <div class=\"\">\n                            <p>En g\u00e9n\u00e9ral cela vient du fait que tu as un p\u00e9riph\u00e9rique de contr\u00f4le branch\u00e9 (manette, volant etc\u2026).<\/p>\n                            <p>D\u00e9branche le, bind ta touche et rebranche le.<\/p>\n                          <\/div>\n                        <\/div>\n                      <\/div>\n                    <\/div>\n                  <\/div>\n                  <div data-colibri-id=\"1763-c10\" class=\"h-accordion-item style-1468 style-local-1763-c10 position-relative h-element\">\n                    <!---->\n                    <a data-open-by-default=\"false\" href=\"#1763-c10\" class=\"h-accordion-item-title d-flex align-items-center h-global-transition\">\n                      <!----><span>Ma souris reste fig\u00e9e au milieu de l&rsquo;\u00e9cran<\/span>\n                      <div class=\"h-accordion-item-title-normal-icon h-accordion-item-title-icon h-accordion-item-title-icon-right\"><span class=\"h-svg-icon\"><!--Icon by Icons8 Line Awesome (https:\/\/icons8.com\/line-awesome)--><svg version=\"1.1\" xmlns=\"http:\/\/www.w3.org\/2000\/svg\" xmlns:xlink=\"http:\/\/www.w3.org\/1999\/xlink\" id=\"plus\" viewBox=\"0 0 512 545.5\"><path d=\"M240 112h32v160h160v32H272v160h-32V304H80v-32h160V112z\"><\/path><\/svg><\/span><\/div>\n                      <div class=\"h-accordion-item-title-active-icon h-accordion-item-title-icon h-accordion-item-title-icon-right\"><span class=\"h-svg-icon\"><!--Icon by Icons8 Line Awesome (https:\/\/icons8.com\/line-awesome)--><svg version=\"1.1\" xmlns=\"http:\/\/www.w3.org\/2000\/svg\" xmlns:xlink=\"http:\/\/www.w3.org\/1999\/xlink\" id=\"minus\" viewBox=\"0 0 512 545.5\"><path d=\"M80 272h352v32H80v-32z\"><\/path><\/svg><\/span><\/div>\n                    <\/a>\n                    <div id=\"1763-c10\" class=\"h-accordion-item-content__container\">\n                      <div class=\"w-100 h-y-container h-accordion-item-content\">\n                        <!---->\n                        <div data-colibri-id=\"1763-c11\" class=\"h-text h-text-component style-1469 style-local-1763-c11 position-relative h-element\">\n                          <!---->\n                          <!---->\n                          <div class=\"\">\n                            <p>Si ta souris reste fig\u00e9e au milieu de l\u2019\u00e9cran, c\u2019est probablement que le param\u00e8tre Raw Input a \u00e9t\u00e9 chang\u00e9.\n                              <br>Donc va dans <em>Echap\/Param\u00e8tres\/Clavier Souris<\/em> et change la m\u00e9thode d&rsquo;entr\u00e9e en <em>Raw Input<\/em><\/p>\n                          <\/div>\n                        <\/div>\n                      <\/div>\n                    <\/div>\n                  <\/div>\n                  <div data-colibri-id=\"1763-c12\" class=\"h-accordion-item style-1572 style-local-1763-c12 position-relative h-element\">\n                    <!---->\n                    <a data-open-by-default=\"false\" href=\"#1763-c12\" class=\"h-accordion-item-title d-flex align-items-center h-global-transition\">\n                      <!----><span>J&rsquo;ai un sticker sur mon v\u00e9hicule qu&rsquo;on ne peut pas enlever<\/span>\n                      <div class=\"h-accordion-item-title-normal-icon h-accordion-item-title-icon h-accordion-item-title-icon-right\"><span class=\"h-svg-icon\"><!--Icon by Icons8 Line Awesome (https:\/\/icons8.com\/line-awesome)--><svg version=\"1.1\" xmlns=\"http:\/\/www.w3.org\/2000\/svg\" xmlns:xlink=\"http:\/\/www.w3.org\/1999\/xlink\" id=\"plus\" viewBox=\"0 0 512 545.5\"><path d=\"M240 112h32v160h160v32H272v160h-32V304H80v-32h160V112z\"><\/path><\/svg><\/span><\/div>\n                      <div class=\"h-accordion-item-title-active-icon h-accordion-item-title-icon h-accordion-item-title-icon-right\"><span class=\"h-svg-icon\"><!--Icon by Icons8 Line Awesome (https:\/\/icons8.com\/line-awesome)--><svg version=\"1.1\" xmlns=\"http:\/\/www.w3.org\/2000\/svg\" xmlns:xlink=\"http:\/\/www.w3.org\/1999\/xlink\" id=\"minus\" viewBox=\"0 0 512 545.5\"><path d=\"M80 272h352v32H80v-32z\"><\/path><\/svg><\/span><\/div>\n                    <\/a>\n                    <div id=\"1763-c12\" class=\"h-accordion-item-content__container\">\n                      <div class=\"w-100 h-y-container h-accordion-item-content\">\n                        <!---->\n                        <div data-colibri-id=\"1763-c13\" class=\"h-text h-text-component style-1573 style-local-1763-c13 position-relative h-element\">\n                          <!---->\n                          <!---->\n                          <div class=\"\">\n                            <p>Les Garagistes, dans leur formation doivent savoir comment vous montrer les stickers sans provoquer ce bug.\n                              <br>N\u00e9anmoins, si vous avez un Sticker persistant en sortant votre v\u00e9hicule du garage, c&rsquo;est simple :\n                              <br>\n                            <\/p>\n                            <ul>\n                              <li>Ticket HRP Technique en donnant le mod\u00e8le du v\u00e9hicule et sa plaque d&rsquo;immatriculation.<\/li>\n                              <li>Quand vous \u00eates in game, un staff va vous faire un give d&rsquo;un nouveau v\u00e9hicule et vous rembourser la custo pour que vous puissiez recommencer.<\/li>\n                            <\/ul>\n                            <p>\n                              <br>\n                            <\/p>\n                          <\/div>\n                        <\/div>\n                      <\/div>\n                    <\/div>\n                  <\/div>\n                  <div data-colibri-id=\"1763-c14\" class=\"h-accordion-item style-1734 style-local-1763-c14 position-relative h-element\">\n                    <!---->\n                    <a data-open-by-default=\"false\" href=\"#1763-c14\" class=\"h-accordion-item-title d-flex align-items-center h-global-transition\">\n                      <!----><span>PMA Voice ne fonctionne pas correctement<\/span>\n                      <div class=\"h-accordion-item-title-normal-icon h-accordion-item-title-icon h-accordion-item-title-icon-right\"><span class=\"h-svg-icon\"><!--Icon by Icons8 Line Awesome (https:\/\/icons8.com\/line-awesome)--><svg version=\"1.1\" xmlns=\"http:\/\/www.w3.org\/2000\/svg\" xmlns:xlink=\"http:\/\/www.w3.org\/1999\/xlink\" id=\"plus\" viewBox=\"0 0 512 545.5\"><path d=\"M240 112h32v160h160v32H272v160h-32V304H80v-32h160V112z\"><\/path><\/svg><\/span><\/div>\n                      <div class=\"h-accordion-item-title-active-icon h-accordion-item-title-icon h-accordion-item-title-icon-right\"><span class=\"h-svg-icon\"><!--Icon by Icons8 Line Awesome (https:\/\/icons8.com\/line-awesome)--><svg version=\"1.1\" xmlns=\"http:\/\/www.w3.org\/2000\/svg\" xmlns:xlink=\"http:\/\/www.w3.org\/1999\/xlink\" id=\"minus\" viewBox=\"0 0 512 545.5\"><path d=\"M80 272h352v32H80v-32z\"><\/path><\/svg><\/span><\/div>\n                    <\/a>\n                    <div id=\"1763-c14\" class=\"h-accordion-item-content__container\">\n                      <div class=\"w-100 h-y-container h-accordion-item-content\">\n                        <!---->\n                        <div data-colibri-id=\"1763-c15\" class=\"h-text h-text-component style-1735 style-local-1763-c15 position-relative h-element\">\n                          <!---->\n                          <!---->\n                          <div class=\"\">\n                            <p>PMA Voice fonctionne parfaitement. C&rsquo;est donc une histoire de param\u00e8tres. Par contre PMA VOICE a r\u00e9gumi\u00e8rement des soucis quand il y a plein de monde au m\u00eame endroit.<\/p>\n                            <p>Allez dans Configuration des Touches\/ GTA Online et faites un bind de touche \u00ab\u00a0appuyer pour parler\u00a0\u00bb ou \u00ab\u00a0Push to Mute\u00a0\u00bb.<\/p>\n                            <p>Allez dans parametres\/chat vocal et faites vos r\u00e9glages. Pour info si vous avez des micros coupures quand les gens parle, c&rsquo;est que la fonction \u00ab\u00a0Volume des effets sonores\u00a0\u00bb est trop basse. R\u00e9glez la sensibilit\u00e9 etc bref testez\n                              avant de demander de l&rsquo;aide.<\/p>\n                            <p>\n                              <br>\n                            <\/p>\n                          <\/div>\n                        <\/div>\n                      <\/div>\n                    <\/div>\n                  <\/div>\n                <\/div>\n              <\/div>\n            <\/div>\n          <\/div>\n        <\/div>\n      <\/div>\n    <\/div>\n  <\/div>\n<\/div>","protected":false},"excerpt":{"rendered":"<p>Les Probl\u00e8mes les plus courants Comme l&rsquo;a dit un grand philisophe&#8230;.Si tu es seul avec ton probl\u00e8me, c&rsquo;est que le probl\u00e8me c&rsquo;est toi! En cas de bug, et avant de [&hellip;]<\/p>\n","protected":false},"author":1,"featured_media":0,"parent":0,"menu_order":0,"comment_status":"closed","ping_status":"closed","template":"page-templates\/full-width-page.php","meta":{"footnotes":""},"class_list":["post-1763","page","type-page","status-publish","hentry"],"_links":{"self":[{"href":"https:\/\/los-sharkos.com\/index.php?rest_route=\/wp\/v2\/pages\/1763","targetHints":{"allow":["GET"]}}],"collection":[{"href":"https:\/\/los-sharkos.com\/index.php?rest_route=\/wp\/v2\/pages"}],"about":[{"href":"https:\/\/los-sharkos.com\/index.php?rest_route=\/wp\/v2\/types\/page"}],"author":[{"embeddable":true,"href":"https:\/\/los-sharkos.com\/index.php?rest_route=\/wp\/v2\/users\/1"}],"replies":[{"embeddable":true,"href":"https:\/\/los-sharkos.com\/index.php?rest_route=%2Fwp%2Fv2%2Fcomments&post=1763"}],"version-history":[{"count":20,"href":"https:\/\/los-sharkos.com\/index.php?rest_route=\/wp\/v2\/pages\/1763\/revisions"}],"predecessor-version":[{"id":7014,"href":"https:\/\/los-sharkos.com\/index.php?rest_route=\/wp\/v2\/pages\/1763\/revisions\/7014"}],"wp:attachment":[{"href":"https:\/\/los-sharkos.com\/index.php?rest_route=%2Fwp%2Fv2%2Fmedia&parent=1763"}],"curies":[{"name":"wp","href":"https:\/\/api.w.org\/{rel}","templated":true}]}}